{"id":694,"date":"2023-04-10T20:21:30","date_gmt":"2023-04-10T18:21:30","guid":{"rendered":"https:\/\/uncopaincommelesautres.com\/uccla\/?page_id=694"},"modified":"2023-05-20T16:08:50","modified_gmt":"2023-05-20T14:08:50","slug":"cinerelax-it","status":"publish","type":"page","link":"https:\/\/uncopaincommelesautres.com\/uccla\/index.php\/it\/cinerelax-it\/","title":{"rendered":"Cin\u00e9Relax"},"content":{"rendered":"<p>[et_pb_section fb_built=\u00a0\u00bb1&Prime; _builder_version=\u00a0\u00bb4.20.4&Prime; _module_preset=\u00a0\u00bbdefault\u00a0\u00bb background_color=\u00a0\u00bb#edb18e\u00a0\u00bb custom_padding=\u00a0\u00bb10px||39px||false|false\u00a0\u00bb global_colors_info=\u00a0\u00bb{}\u00a0\u00bb][et_pb_row _builder_version=\u00a0\u00bb4.20.4&Prime; _module_preset=\u00a0\u00bbdefault\u00a0\u00bb custom_padding=\u00a0\u00bb43px|||||\u00a0\u00bb global_colors_info=\u00a0\u00bb{}\u00a0\u00bb][et_pb_column type=\u00a0\u00bb4_4&Prime; _builder_version=\u00a0\u00bb4.20.4&Prime; _module_preset=\u00a0\u00bbdefault\u00a0\u00bb global_colors_info=\u00a0\u00bb{}\u00a0\u00bb][et_pb_text _builder_version=\u00a0\u00bb4.20.4&Prime; _module_preset=\u00a0\u00bbdefault\u00a0\u00bb text_font=\u00a0\u00bbEnglebert||||||||\u00a0\u00bb text_text_color=\u00a0\u00bb#ed6e00&Prime; text_font_size=\u00a0\u00bb50px\u00a0\u00bb background_color=\u00a0\u00bbRGBA(255,255,255,0)\u00a0\u00bb text_orientation=\u00a0\u00bbcenter\u00a0\u00bb custom_margin=\u00a0\u00bb||-4px|||\u00a0\u00bb global_colors_info=\u00a0\u00bb{}\u00a0\u00bb]<\/p>\n<p>Cin\u00e9Relax<\/p>\n<p>[\/et_pb_text][\/et_pb_column][\/et_pb_row][\/et_pb_section][et_pb_section fb_built=\u00a0\u00bb1&Prime; _builder_version=\u00a0\u00bb4.21.0&Prime; _module_preset=\u00a0\u00bbdefault\u00a0\u00bb min_height=\u00a0\u00bb704.2px\u00a0\u00bb custom_margin=\u00a0\u00bb-50px|||||\u00a0\u00bb global_colors_info=\u00a0\u00bb{}\u00a0\u00bb][et_pb_row _builder_version=\u00a0\u00bb4.21.0&Prime; _module_preset=\u00a0\u00bbdefault\u00a0\u00bb custom_margin=\u00a0\u00bb|auto|-39px|auto||\u00a0\u00bb custom_padding=\u00a0\u00bb0px|||||\u00a0\u00bb animation_style=\u00a0\u00bbfade\u00a0\u00bb global_colors_info=\u00a0\u00bb{}\u00a0\u00bb][et_pb_column type=\u00a0\u00bb4_4&Prime; _builder_version=\u00a0\u00bb4.20.4&Prime; _module_preset=\u00a0\u00bbdefault\u00a0\u00bb global_colors_info=\u00a0\u00bb{}\u00a0\u00bb][et_pb_text _builder_version=\u00a0\u00bb4.21.0&Prime; _module_preset=\u00a0\u00bbdefault\u00a0\u00bb text_text_color=\u00a0\u00bb#000000&Prime; text_font_size=\u00a0\u00bb19px\u00a0\u00bb text_orientation=\u00a0\u00bbjustified\u00a0\u00bb global_colors_info=\u00a0\u00bb{}\u00a0\u00bb]<\/p>\n<p><b>Con o senza disabilit\u00e0, il cinema \u00e8 per tutti!<\/b><\/p>\n<p style=\"font-weight: 400;\">Relax, una seduta di cinema ordinario resa accessibile alle persone il cui handicap le esclude abitualmente dai luoghi culturali.<\/p>\n<p><b><\/b><\/p>\n<p>[\/et_pb_text][\/et_pb_column][\/et_pb_row][et_pb_row column_structure=\u00a0\u00bb2_3,1_3&Prime; _builder_version=\u00a0\u00bb4.21.0&Prime; _module_preset=\u00a0\u00bbdefault\u00a0\u00bb animation_style=\u00a0\u00bbzoom\u00a0\u00bb animation_duration=\u00a0\u00bb900ms\u00a0\u00bb global_colors_info=\u00a0\u00bb{}\u00a0\u00bb][et_pb_column type=\u00a0\u00bb2_3&Prime; _builder_version=\u00a0\u00bb4.21.0&Prime; _module_preset=\u00a0\u00bbdefault\u00a0\u00bb global_colors_info=\u00a0\u00bb{}\u00a0\u00bb][et_pb_image src=\u00a0\u00bbhttps:\/\/uncopaincommelesautres.com\/uccla\/wp-content\/uploads\/2023\/05\/IMG_6404.jpg\u00a0\u00bb title_text=\u00a0\u00bbIMG_6404&Prime; _builder_version=\u00a0\u00bb4.21.0&Prime; _module_preset=\u00a0\u00bbdefault\u00a0\u00bb global_colors_info=\u00a0\u00bb{}\u00a0\u00bb][\/et_pb_image][\/et_pb_column][et_pb_column type=\u00a0\u00bb1_3&Prime; _builder_version=\u00a0\u00bb4.21.0&Prime; _module_preset=\u00a0\u00bbdefault\u00a0\u00bb global_colors_info=\u00a0\u00bb{}\u00a0\u00bb][et_pb_text _builder_version=\u00a0\u00bb4.21.0&Prime; _module_preset=\u00a0\u00bbdefault\u00a0\u00bb text_text_color=\u00a0\u00bb#000000&Prime; text_font_size=\u00a0\u00bb15px\u00a0\u00bb transform_scale=\u00a0\u00bb102%|102%\u00a0\u00bb text_orientation=\u00a0\u00bbjustified\u00a0\u00bb global_colors_info=\u00a0\u00bb{}\u00a0\u00bb]<\/p>\n<p style=\"font-weight: 400;\">Foto scattata al Cin\u00e9ville di San Sebasti\u00e1n durante una proiezione di cinema \u00abCin\u00e9relax\u00bb.<\/p>\n<p>[\/et_pb_text][\/et_pb_column][\/et_pb_row][\/et_pb_section][et_pb_section fb_built=\u00a0\u00bb1&Prime; _builder_version=\u00a0\u00bb4.21.0&Prime; _module_preset=\u00a0\u00bbdefault\u00a0\u00bb custom_margin=\u00a0\u00bb-46px|||||\u00a0\u00bb custom_padding=\u00a0\u00bb36px|||||\u00a0\u00bb global_colors_info=\u00a0\u00bb{}\u00a0\u00bb][et_pb_row _builder_version=\u00a0\u00bb4.21.0&Prime; _module_preset=\u00a0\u00bbdefault\u00a0\u00bb custom_margin=\u00a0\u00bb-37px|auto||auto||\u00a0\u00bb custom_padding=\u00a0\u00bb16px|||||\u00a0\u00bb animation_style=\u00a0\u00bbfade\u00a0\u00bb global_colors_info=\u00a0\u00bb{}\u00a0\u00bb][et_pb_column type=\u00a0\u00bb4_4&Prime; _builder_version=\u00a0\u00bb4.21.0&Prime; _module_preset=\u00a0\u00bbdefault\u00a0\u00bb global_colors_info=\u00a0\u00bb{}\u00a0\u00bb][et_pb_text _builder_version=\u00a0\u00bb4.21.0&Prime; _module_preset=\u00a0\u00bbdefault\u00a0\u00bb text_text_color=\u00a0\u00bb#000000&Prime; text_font_size=\u00a0\u00bb19px\u00a0\u00bb text_orientation=\u00a0\u00bbjustified\u00a0\u00bb global_colors_info=\u00a0\u00bb{}\u00a0\u00bb]<\/p>\n<p><b>Perch\u00e9?<\/b><\/p>\n<p>Le persone autistiche, polihandicappate, con un handicap intellettuale, cognitivo, psichico o, pi\u00f9 in generale, quelle il cui handicap comporta comportamenti atipici hanno molto difficolt\u00e0 ad accedere alla cultura e agli svaghi ordinari.<\/p>\n<p style=\"font-weight: 400;\">In effetti, sono spettatori a cui capita di parlare ad alta voce, ridere, applaudire o gridare quando sono contenti o preoccupati, muoversi&#8230; Il loro comportamento li esclude dai luoghi culturali.<\/p>\n<p style=\"font-weight: 400;\">Le sedute Relax sono semplicemente adattate affinch\u00e9 ognuno &#8211; indipendentemente dal grado della sua disabilit\u00e0 &#8211; abbia il piacere di andare al cinema con gli altri spettatori.<\/p>\n<p style=\"font-weight: 400;\">Osate fare il primo passo per partecipare alle Sessioni Cin\u00e9 Relax. I quadri sono consapevoli delle difficolt\u00e0 legate a questo. Ma nelle sessioni Cin\u00e9 Relax non c&rsquo;\u00e8 giudizio. Le sedute sono totalmente adattate al pubblico che accogliamo.<\/p>\n<p><span style=\"font-weight: 400;\"><\/span><\/p>\n<p><span style=\"font-weight: 400;\"><\/span><\/p>\n<p><b>Ma cos&rsquo;\u00e8 una proiezione relax?<\/b><\/p>\n<p style=\"font-weight: 400;\">Il dispositivo realizzato all&rsquo;interno della rete Cin\u00e9 Relax \u00e8 essenzialmente un dispositivo umano. \u00c8 progettato per informare, circondare e rassicurare gli spettatori.<\/p>\n<p style=\"font-weight: 400;\">Le sedute si svolgono nei fine settimana nei cinema pubblici. Un minimo di allestimenti \u00e8 proposto: luce che si spegne lentamente, suono abbassamento, assenza di pubblicit\u00e0 e di trailer, ma l&rsquo;essenziale \u00e8 in un&rsquo;accoglienza calorosa da parte di un team di accoglienza formato.<\/p>\n<p style=\"font-weight: 400;\">L&rsquo;insieme degli spettatori \u00e8 chiaramente informato delle specificit\u00e0 della sessione e il team di accoglienza \u00e8 presente durante tutta la proiezione per accompagnare in base alle esigenze di ciascuno.<\/p>\n<p style=\"font-weight: 400;\">\u00a0Se non vengono in autonomia, gli spettatori rimangono sotto la responsabilit\u00e0 del loro accompagnatore.<\/p>\n<p style=\"font-weight: 400;\">\n<p style=\"font-weight: 400;\"><b>Per chi?<\/b><\/p>\n<p style=\"font-weight: 400;\"><span>Queste sessioni sono <strong>per tutti! <\/strong><\/span>Grazie al dispositivo Relax, le persone con o senza disabilit\u00e0 condividono il piacere di una sessione di cinema.<\/p>\n<p style=\"font-weight: 400;\">\n<ul>\n<li><span style=\"font-weight: 400;\"> <\/span><b>Per le persone con disabilit\u00e0<\/b><\/li>\n<\/ul>\n<p style=\"font-weight: 400;\">Le proiezione Relax permettono a bambini, adolescenti o adulti con disabilit\u00e0 che comportano comportamenti atipici di <strong>scoprire un hobby culturale in confidenza<\/strong>, e poi di goderselo.<\/p>\n<p style=\"font-weight: 400;\"><span>Possono esprimersi a modo loro, secondo i loro mezzi.<\/span><\/p>\n<p style=\"font-weight: 400;\"><span><\/span><\/p>\n<ul>\n<li><span style=\"font-weight: 400;\"><\/span><b> Per la famiglia e gli amici<\/b><\/li>\n<\/ul>\n<p style=\"font-weight: 400;\">L&rsquo;esclusione dei luoghi culturali delle persone con disabilit\u00e0 rafforza il loro isolamento e quello dei loro familiari. Le sedute Relax permettono alle famiglie <strong>un accesso senza ansia<\/strong> a un svago culturale, possono <strong>condividere un momento piacevole<\/strong> senza la paura di disturbare, o il ritiro umiliante dopo pochi minuti&#8230;<\/p>\n<p style=\"font-weight: 400;\">\n<ul>\n<li><span style=\"font-weight: 400;\"> <\/span><b>Per tutti gli spettatori<\/b><\/li>\n<\/ul>\n<p style=\"font-weight: 400;\">Proiezioni conviviali e calorose dove ognuno \u00e8 accolto<strong> in un ambiente benevolo.<\/strong><\/p>\n<p>[\/et_pb_text][\/et_pb_column][\/et_pb_row][\/et_pb_section][et_pb_section fb_built=\u00a0\u00bb1&Prime; _builder_version=\u00a0\u00bb4.21.0&Prime; _module_preset=\u00a0\u00bbdefault\u00a0\u00bb background_color=\u00a0\u00bb#007dc6&Prime; custom_padding=\u00a0\u00bb4px||10px|||\u00a0\u00bb global_colors_info=\u00a0\u00bb{}\u00a0\u00bb][et_pb_row _builder_version=\u00a0\u00bb4.21.0&Prime; _module_preset=\u00a0\u00bbdefault\u00a0\u00bb animation_style=\u00a0\u00bbfade\u00a0\u00bb global_colors_info=\u00a0\u00bb{}\u00a0\u00bb][et_pb_column type=\u00a0\u00bb4_4&Prime; _builder_version=\u00a0\u00bb4.21.0&Prime; _module_preset=\u00a0\u00bbdefault\u00a0\u00bb global_colors_info=\u00a0\u00bb{}\u00a0\u00bb][et_pb_testimonial author=\u00a0\u00bbPauline\u00a0\u00bb _builder_version=\u00a0\u00bb4.21.0&Prime; _module_preset=\u00a0\u00bbdefault\u00a0\u00bb background_color=\u00a0\u00bb#FFFFFF\u00a0\u00bb min_height=\u00a0\u00bb141px\u00a0\u00bb global_colors_info=\u00a0\u00bb{}\u00a0\u00bb]<\/p>\n<p style=\"font-weight: 400;\"><em>\u00ab\u00a0Aurian \u00e8 entusiasta di andare al cinema e i suoi fratelli lo ringraziano calorosamente perch\u00e9 \u00e8 grazie a lui che vanno a questa proiezione&#8230;<\/em><\/p>\n<p style=\"font-weight: 400;\"><em>Siamo felici di andare in famiglia, intorno a lui. L&rsquo;accoglienza con i volontari che ci aiutano a scendere dall&rsquo;auto, salire le scale, ecc. \u00e8 perfetta.\u00a0\u00bb<\/em><\/p>\n<p>[\/et_pb_testimonial][\/et_pb_column][\/et_pb_row][\/et_pb_section][et_pb_section fb_built=\u00a0\u00bb1&Prime; _builder_version=\u00a0\u00bb4.21.0&Prime; _module_preset=\u00a0\u00bbdefault\u00a0\u00bb background_color=\u00a0\u00bb#007dc6&Prime; min_height=\u00a0\u00bb195px\u00a0\u00bb custom_margin=\u00a0\u00bb-21px|||||\u00a0\u00bb custom_padding=\u00a0\u00bb10px||10px|||\u00a0\u00bb global_colors_info=\u00a0\u00bb{}\u00a0\u00bb][et_pb_row _builder_version=\u00a0\u00bb4.21.0&Prime; _module_preset=\u00a0\u00bbdefault\u00a0\u00bb background_color=\u00a0\u00bbRGBA(255,255,255,0)\u00a0\u00bb custom_margin=\u00a0\u00bb|auto|-26px|auto||\u00a0\u00bb custom_padding=\u00a0\u00bb0px|||||\u00a0\u00bb animation_style=\u00a0\u00bbfade\u00a0\u00bb global_colors_info=\u00a0\u00bb{}\u00a0\u00bb][et_pb_column type=\u00a0\u00bb4_4&Prime; _builder_version=\u00a0\u00bb4.21.0&Prime; _module_preset=\u00a0\u00bbdefault\u00a0\u00bb global_colors_info=\u00a0\u00bb{}\u00a0\u00bb][et_pb_testimonial author=\u00a0\u00bbV\u00e9ronique\u00a0\u00bb _builder_version=\u00a0\u00bb4.21.0&Prime; _module_preset=\u00a0\u00bbdefault\u00a0\u00bb background_color=\u00a0\u00bb#FFFFFF\u00a0\u00bb global_colors_info=\u00a0\u00bb{}\u00a0\u00bb]<\/p>\n<p style=\"font-weight: 400;\"><em>\u00ab\u00a0Abbiamo scoperto queste sedute e ci siamo lanciati sei mesi fa con Hughes, 16 anni. Non era una semplice, aveva paura del buio, del rumore, dei film che non conosce, non sta seduto troppo a lungo&#8230; Ora \u00e8 un appassionato di cinema!\u00a0\u00bb<\/em><\/p>\n<p>[\/et_pb_testimonial][\/et_pb_column][\/et_pb_row][\/et_pb_section][et_pb_section fb_built=\u00a0\u00bb1&Prime; _builder_version=\u00a0\u00bb4.21.0&Prime; _module_preset=\u00a0\u00bbdefault\u00a0\u00bb min_height=\u00a0\u00bb469.4px\u00a0\u00bb custom_padding=\u00a0\u00bb6px||0px|||\u00a0\u00bb global_colors_info=\u00a0\u00bb{}\u00a0\u00bb][et_pb_row _builder_version=\u00a0\u00bb4.21.0&Prime; _module_preset=\u00a0\u00bbdefault\u00a0\u00bb min_height=\u00a0\u00bb332.4px\u00a0\u00bb custom_margin=\u00a0\u00bb|auto|-94px|auto||\u00a0\u00bb custom_padding=\u00a0\u00bb||0px|||\u00a0\u00bb animation_style=\u00a0\u00bbfade\u00a0\u00bb global_colors_info=\u00a0\u00bb{}\u00a0\u00bb][et_pb_column type=\u00a0\u00bb4_4&Prime; _builder_version=\u00a0\u00bb4.21.0&Prime; _module_preset=\u00a0\u00bbdefault\u00a0\u00bb global_colors_info=\u00a0\u00bb{}\u00a0\u00bb][et_pb_text _builder_version=\u00a0\u00bb4.21.0&Prime; _module_preset=\u00a0\u00bbdefault\u00a0\u00bb text_text_color=\u00a0\u00bb#000000&Prime; text_font_size=\u00a0\u00bb19px\u00a0\u00bb text_orientation=\u00a0\u00bbjustified\u00a0\u00bb global_colors_info=\u00a0\u00bb{}\u00a0\u00bb]<\/p>\n<p style=\"font-weight: 400;\">La rete Cin\u00e9 Relax (ex-Cin\u00e9-ma diff\u00e9rence) riunisce partner (collettivit\u00e0 locali, cinema, associazioni) che propongono proiezioni in pi\u00f9 di 70 citt\u00e0 in Francia.<\/p>\n<p style=\"font-weight: 400;\">Per saperne di pi\u00f9 sulle sessioni o scoprire altre proposte culturali ecco il sito web: <a href=\"https:\/\/culture-relax.org\/\">https:\/\/culture-relax.org\/<\/a>.<\/p>\n<p style=\"font-weight: 400;\">Per qualsiasi domanda sulla rete Cin\u00e9Relax:<\/p>\n<p><span>\u00a0 \u00a0 \u00a0 \u00a0 \u00a0 \u00a0 \u00a0 \u00a0 \u00a0 \u00a0 \u00a0 \u00a0 \u00a0 \u00a0 \u00a0 \u00a0 \u00a0 \u00a0 \u00a0 \u00a0 \u00a0 \u00a0 \u00a0 \u00a0 \u00a0 \u00a0 \u00a0 \u00a0 \u00a0 \u00a0 \u00a0 \u00a0 \u00a0 \u00a0 \u00a0 \u00a0 \u00a0 \u00a0 \u00a0 \u00a0 \u00a0 \u00a0 \u00a0E-mail : <\/span><a rel=\"nofollow noopener\" target=\"_blank\" href=\"mailto:coordination@cinerelax.org\">coordination@cinerelax.org<\/a><\/p>\n<p><span>\u00a0 \u00a0 \u00a0 \u00a0 \u00a0 \u00a0 \u00a0 \u00a0 \u00a0 \u00a0 \u00a0 \u00a0 \u00a0 \u00a0 \u00a0 \u00a0 \u00a0 \u00a0 \u00a0 \u00a0 \u00a0 \u00a0 \u00a0 \u00a0 \u00a0 \u00a0 \u00a0 \u00a0 \u00a0 \u00a0 \u00a0 \u00a0 \u00a0 \u00a0 \u00a0 \u00a0 \u00a0 \u00a0 \u00a0 \u00a0 \u00a0 \u00a0 \u00a0Numero di telefono: 01 71 20 22 64<\/span><\/p>\n<p><span><\/span><\/p>\n<p>[\/et_pb_text][\/et_pb_column][\/et_pb_row][\/et_pb_section]<\/p>\n","protected":false},"excerpt":{"rendered":"<p>Cin\u00e9RelaxCon o senza disabilit\u00e0, il cinema \u00e8 per tutti! Relax, una seduta di cinema ordinario resa accessibile alle persone il cui handicap le esclude abitualmente dai luoghi culturali. Foto scattata al Cin\u00e9ville di San Sebasti\u00e1n durante una proiezione di cinema \u00abCin\u00e9relax\u00bb.Perch\u00e9? Le persone autistiche, polihandicappate, con un handicap intellettuale, cognitivo, psichico o, pi\u00f9 in generale, [&hellip;]<\/p>\n","protected":false},"author":4,"featured_media":0,"parent":0,"menu_order":0,"comment_status":"closed","ping_status":"closed","template":"","meta":{"_et_pb_use_builder":"on","_et_pb_old_content":"","_et_gb_content_width":"","footnotes":""},"class_list":["post-694","page","type-page","status-publish","hentry"],"_links":{"self":[{"href":"https:\/\/uncopaincommelesautres.com\/uccla\/index.php\/wp-json\/wp\/v2\/pages\/694","targetHints":{"allow":["GET"]}}],"collection":[{"href":"https:\/\/uncopaincommelesautres.com\/uccla\/index.php\/wp-json\/wp\/v2\/pages"}],"about":[{"href":"https:\/\/uncopaincommelesautres.com\/uccla\/index.php\/wp-json\/wp\/v2\/types\/page"}],"author":[{"embeddable":true,"href":"https:\/\/uncopaincommelesautres.com\/uccla\/index.php\/wp-json\/wp\/v2\/users\/4"}],"replies":[{"embeddable":true,"href":"https:\/\/uncopaincommelesautres.com\/uccla\/index.php\/wp-json\/wp\/v2\/comments?post=694"}],"version-history":[{"count":6,"href":"https:\/\/uncopaincommelesautres.com\/uccla\/index.php\/wp-json\/wp\/v2\/pages\/694\/revisions"}],"predecessor-version":[{"id":2318,"href":"https:\/\/uncopaincommelesautres.com\/uccla\/index.php\/wp-json\/wp\/v2\/pages\/694\/revisions\/2318"}],"wp:attachment":[{"href":"https:\/\/uncopaincommelesautres.com\/uccla\/index.php\/wp-json\/wp\/v2\/media?parent=694"}],"curies":[{"name":"wp","href":"https:\/\/api.w.org\/{rel}","templated":true}]}}