{"id":727,"date":"2023-04-10T20:27:52","date_gmt":"2023-04-10T18:27:52","guid":{"rendered":"https:\/\/uncopaincommelesautres.com\/uccla\/?page_id=727"},"modified":"2023-05-18T11:13:59","modified_gmt":"2023-05-18T09:13:59","slug":"histoire-esp","status":"publish","type":"page","link":"https:\/\/uncopaincommelesautres.com\/uccla\/index.php\/es\/histoire-esp\/","title":{"rendered":"Historia"},"content":{"rendered":"<p>[et_pb_section fb_built=\u00a0\u00bb1&Prime; _builder_version=\u00a0\u00bb4.20.4&Prime; _module_preset=\u00a0\u00bbdefault\u00a0\u00bb background_color=\u00a0\u00bb#edb18e\u00a0\u00bb custom_margin=\u00a0\u00bb||||false|false\u00a0\u00bb custom_padding=\u00a0\u00bb10px||10px||false|false\u00a0\u00bb global_colors_info=\u00a0\u00bb{}\u00a0\u00bb][et_pb_row _builder_version=\u00a0\u00bb4.20.4&Prime; _module_preset=\u00a0\u00bbdefault\u00a0\u00bb global_colors_info=\u00a0\u00bb{}\u00a0\u00bb][et_pb_column type=\u00a0\u00bb4_4&Prime; _builder_version=\u00a0\u00bb4.20.4&Prime; _module_preset=\u00a0\u00bbdefault\u00a0\u00bb global_colors_info=\u00a0\u00bb{}\u00a0\u00bb][et_pb_text _builder_version=\u00a0\u00bb4.20.4&Prime; _module_preset=\u00a0\u00bbdefault\u00a0\u00bb text_font=\u00a0\u00bbEnglebert||||||||\u00a0\u00bb text_text_color=\u00a0\u00bb#ed6e00&Prime; text_font_size=\u00a0\u00bb50px\u00a0\u00bb text_orientation=\u00a0\u00bbcenter\u00a0\u00bb global_colors_info=\u00a0\u00bb{}\u00a0\u00bb]<\/p>\n<p>Historia<\/p>\n<p>[\/et_pb_text][\/et_pb_column][\/et_pb_row][\/et_pb_section][et_pb_section fb_built=\u00a0\u00bb1&Prime; admin_label=\u00a0\u00bbServices\u00a0\u00bb _builder_version=\u00a0\u00bb4.21.0&Prime; _module_preset=\u00a0\u00bbdefault\u00a0\u00bb background_color=\u00a0\u00bb#e6ecf7&Prime; background_image=\u00a0\u00bbhttps:\/\/uncopaincommelesautres.com\/uccla\/wp-content\/uploads\/2023\/05\/feteuccla29-1.jpeg\u00a0\u00bb min_height=\u00a0\u00bb854.4px\u00a0\u00bb custom_padding=\u00a0\u00bb85px||1px|||\u00a0\u00bb collapsed=\u00a0\u00bbon\u00a0\u00bb global_colors_info=\u00a0\u00bb{}\u00a0\u00bb theme_builder_area=\u00a0\u00bbpost_content\u00a0\u00bb][et_pb_row _builder_version=\u00a0\u00bb4.21.0&Prime; _module_preset=\u00a0\u00bbdefault\u00a0\u00bb background_color=\u00a0\u00bbrgba(230,236,247,0.8)\u00a0\u00bb min_height=\u00a0\u00bb682.4px\u00a0\u00bb custom_padding=\u00a0\u00bb0px||12px|||\u00a0\u00bb border_width_all=\u00a0\u00bb12px\u00a0\u00bb border_color_all=\u00a0\u00bbRGBA(255,255,255,0)\u00a0\u00bb border_width_bottom=\u00a0\u00bb0px\u00a0\u00bb global_colors_info=\u00a0\u00bb{}\u00a0\u00bb theme_builder_area=\u00a0\u00bbpost_content\u00a0\u00bb][et_pb_column type=\u00a0\u00bb4_4&Prime; _builder_version=\u00a0\u00bb4.20.4&Prime; _module_preset=\u00a0\u00bbdefault\u00a0\u00bb global_colors_info=\u00a0\u00bb{}\u00a0\u00bb theme_builder_area=\u00a0\u00bbpost_content\u00a0\u00bb][et_pb_text _builder_version=\u00a0\u00bb4.21.0&Prime; _module_preset=\u00a0\u00bbdefault\u00a0\u00bb text_text_color=\u00a0\u00bb#000000&Prime; text_font_size=\u00a0\u00bb19px\u00a0\u00bb text_orientation=\u00a0\u00bbjustified\u00a0\u00bb animation_style=\u00a0\u00bbfade\u00a0\u00bb animation_duration=\u00a0\u00bb1700ms\u00a0\u00bb hover_enabled=\u00a0\u00bb0&Prime; global_colors_info=\u00a0\u00bb{}\u00a0\u00bb theme_builder_area=\u00a0\u00bbpost_content\u00a0\u00bb sticky_enabled=\u00a0\u00bb0&Prime;]<\/p>\n<p>La asociaci\u00f3n naci\u00f3 del encuentro entre dos familias, cada una con un hijo discapacitado. Durante el d\u00eda o la semana, su hijo recibe los cuidados necesarios en estructuras especializadas. Sin embargo, adem\u00e1s de estos cuidados, estos ni\u00f1os se sienten muy aislados: pocos o ning\u00fan encuentro con otros j\u00f3venes de su edad, pocas oportunidades de entrar en un club&#8230;<\/p>\n<p>En mayo de 2004, estas familias lanzaron un llamamiento en la prensa. Respondieron unas veinte personas de los municipios de Treilli\u00e8res, La Chapelle-sur-Erdre y Suc\u00e9-sur-Erdre: padres de ni\u00f1os, j\u00f3venes, adultos con discapacidad o personas sensibilizadas con este tema.<\/p>\n<p>El municipio de Treilli\u00e8res y la escuela p\u00fablica Alexandre Vincent apoyan firmemente esta iniciativa cediendo amablemente una sala polivalente. La asociaci\u00f3n organiza una iniciativa de judo, talleres manuales y diversas salidas para ni\u00f1os discapacitados y no discapacitados.<\/p>\n<p>Cuatro a\u00f1os despu\u00e9s, la asociaci\u00f3n se enfrenta a una creciente demanda de socios, que apenas puede satisfacer. Ahora cuenta con 110 miembros: adultos y ni\u00f1os (30 de ellos discapacitados) que viven en el cant\u00f3n.<\/p>\n<p>Suele organizar actividades dos veces por semana: los mi\u00e9rcoles o los fines de semana, reuniendo, si es posible, a ni\u00f1os y j\u00f3venes discapacitados y a otras personas sin discapacidad en torno al deporte (deportes adaptados, judo, vela, escalada), las actividades art\u00edsticas (danza, teatro, tierra, m\u00fasica), los trabajos manuales (jardiner\u00eda, cocina), los descubrimientos (Chez Clochette et Libellule, paseos con burros) y durante los encuentros l\u00fadicos de Navidad, el festival de m\u00fasica y los fines de semana.<\/p>\n<p>La asociaci\u00f3n es cantonal (La Chapelle-sur-Erdre, Treilli\u00e8res y Suc\u00e9-sur-Erdre). Su objetivo de proximidad es importante para que las familias puedan reunirse en sus propias comunidades y barrios. Por esta raz\u00f3n, la asociaci\u00f3n no puede acoger a todas las familias de la aglomeraci\u00f3n de Nantes; sin embargo, est\u00e1 dispuesta a ayudar a otras familias a crear el mismo tipo de asociaci\u00f3n en otras zonas de Nantes.<\/p>\n<p>En la actualidad, la asociaci\u00f3n cuenta con 35 miembros, en su mayor\u00eda personas sin discapacidad, y este n\u00famero va en aumento.<\/p>\n<p>[\/et_pb_text][\/et_pb_column][\/et_pb_row][\/et_pb_section]<\/p>\n","protected":false},"excerpt":{"rendered":"<p>HistoriaLa asociaci\u00f3n naci\u00f3 del encuentro entre dos familias, cada una con un hijo discapacitado. Durante el d\u00eda o la semana, su hijo recibe los cuidados necesarios en estructuras especializadas. Sin embargo, adem\u00e1s de estos cuidados, estos ni\u00f1os se sienten muy aislados: pocos o ning\u00fan encuentro con otros j\u00f3venes de su edad, pocas oportunidades de entrar [&hellip;]<\/p>\n","protected":false},"author":4,"featured_media":0,"parent":0,"menu_order":0,"comment_status":"closed","ping_status":"closed","template":"","meta":{"_et_pb_use_builder":"on","_et_pb_old_content":"","_et_gb_content_width":"","footnotes":""},"class_list":["post-727","page","type-page","status-publish","hentry"],"_links":{"self":[{"href":"https:\/\/uncopaincommelesautres.com\/uccla\/index.php\/wp-json\/wp\/v2\/pages\/727","targetHints":{"allow":["GET"]}}],"collection":[{"href":"https:\/\/uncopaincommelesautres.com\/uccla\/index.php\/wp-json\/wp\/v2\/pages"}],"about":[{"href":"https:\/\/uncopaincommelesautres.com\/uccla\/index.php\/wp-json\/wp\/v2\/types\/page"}],"author":[{"embeddable":true,"href":"https:\/\/uncopaincommelesautres.com\/uccla\/index.php\/wp-json\/wp\/v2\/users\/4"}],"replies":[{"embeddable":true,"href":"https:\/\/uncopaincommelesautres.com\/uccla\/index.php\/wp-json\/wp\/v2\/comments?post=727"}],"version-history":[{"count":4,"href":"https:\/\/uncopaincommelesautres.com\/uccla\/index.php\/wp-json\/wp\/v2\/pages\/727\/revisions"}],"predecessor-version":[{"id":1628,"href":"https:\/\/uncopaincommelesautres.com\/uccla\/index.php\/wp-json\/wp\/v2\/pages\/727\/revisions\/1628"}],"wp:attachment":[{"href":"https:\/\/uncopaincommelesautres.com\/uccla\/index.php\/wp-json\/wp\/v2\/media?parent=727"}],"curies":[{"name":"wp","href":"https:\/\/api.w.org\/{rel}","templated":true}]}}