{"id":739,"date":"2023-04-10T20:29:00","date_gmt":"2023-04-10T18:29:00","guid":{"rendered":"https:\/\/uncopaincommelesautres.com\/uccla\/?page_id=739"},"modified":"2023-05-19T16:47:26","modified_gmt":"2023-05-19T14:47:26","slug":"intervenants-esp","status":"publish","type":"page","link":"https:\/\/uncopaincommelesautres.com\/uccla\/index.php\/es\/intervenants-esp\/","title":{"rendered":"Oradores"},"content":{"rendered":"<p>[et_pb_section fb_built=\u00a0\u00bb1&Prime; _builder_version=\u00a0\u00bb4.20.4&Prime; _module_preset=\u00a0\u00bbdefault\u00a0\u00bb background_color=\u00a0\u00bb#edb18e\u00a0\u00bb custom_margin=\u00a0\u00bb||||false|false\u00a0\u00bb custom_padding=\u00a0\u00bb27px||0px||false|false\u00a0\u00bb global_colors_info=\u00a0\u00bb{}\u00a0\u00bb][et_pb_row _builder_version=\u00a0\u00bb4.20.4&Prime; _module_preset=\u00a0\u00bbdefault\u00a0\u00bb global_colors_info=\u00a0\u00bb{}\u00a0\u00bb][et_pb_column type=\u00a0\u00bb4_4&Prime; _builder_version=\u00a0\u00bb4.20.4&Prime; _module_preset=\u00a0\u00bbdefault\u00a0\u00bb global_colors_info=\u00a0\u00bb{}\u00a0\u00bb][et_pb_text _builder_version=\u00a0\u00bb4.20.4&Prime; _module_preset=\u00a0\u00bbdefault\u00a0\u00bb text_font=\u00a0\u00bbEnglebert||||||||\u00a0\u00bb text_text_color=\u00a0\u00bb#ed6e00&Prime; text_font_size=\u00a0\u00bb50px\u00a0\u00bb text_orientation=\u00a0\u00bbcenter\u00a0\u00bb global_colors_info=\u00a0\u00bb{}\u00a0\u00bb]<\/p>\n<p>Oradores<\/p>\n<p>[\/et_pb_text][\/et_pb_column][\/et_pb_row][\/et_pb_section][et_pb_section fb_built=\u00a0\u00bb1&Prime; _builder_version=\u00a0\u00bb4.21.0&Prime; _module_preset=\u00a0\u00bbdefault\u00a0\u00bb background_color=\u00a0\u00bbrgba(237,240,0,0.44)\u00a0\u00bb custom_padding=\u00a0\u00bb4px||10px|||\u00a0\u00bb animation_style=\u00a0\u00bbfade\u00a0\u00bb animation_duration=\u00a0\u00bb1700ms\u00a0\u00bb global_colors_info=\u00a0\u00bb{}\u00a0\u00bb][et_pb_row _builder_version=\u00a0\u00bb4.21.0&Prime; _module_preset=\u00a0\u00bbdefault\u00a0\u00bb global_colors_info=\u00a0\u00bb{}\u00a0\u00bb][et_pb_column type=\u00a0\u00bb4_4&Prime; _builder_version=\u00a0\u00bb4.21.0&Prime; _module_preset=\u00a0\u00bbdefault\u00a0\u00bb global_colors_info=\u00a0\u00bb{}\u00a0\u00bb][et_pb_testimonial author=\u00a0\u00bbEl taller de danza est\u00e1 dirigido por Muriel Vasse, profesora de danza y core\u00f3grafa de la compa\u00f1\u00eda Hamadryade\u00a0\u00bb _builder_version=\u00a0\u00bb4.21.0&Prime; _module_preset=\u00a0\u00bbdefault\u00a0\u00bb background_color=\u00a0\u00bb#FFFFFF\u00a0\u00bb min_height=\u00a0\u00bb141px\u00a0\u00bb global_colors_info=\u00a0\u00bb{}\u00a0\u00bb]<\/p>\n<p>El objetivo del taller es practicar y descubrir el placer de la danza en un entorno abierto a todos. La danza pretende adquirir las habilidades y los conocimientos necesarios para comprender mejor el propio cuerpo y utilizarlo para expresarse, con el tel\u00f3n de fondo de la b\u00fasqueda del bienestar a trav\u00e9s de la realizaci\u00f3n personal. Se trata de desarrollar la curiosidad hacia la creaci\u00f3n art\u00edstica como actor pero tambi\u00e9n como espectador.<\/p>\n<p>[\/et_pb_testimonial][\/et_pb_column][\/et_pb_row][\/et_pb_section][et_pb_section fb_built=\u00a0\u00bb1&Prime; _builder_version=\u00a0\u00bb4.21.0&Prime; _module_preset=\u00a0\u00bbdefault\u00a0\u00bb background_color=\u00a0\u00bbrgba(224,153,0,0.34)\u00a0\u00bb custom_padding=\u00a0\u00bb4px||10px|||\u00a0\u00bb animation_style=\u00a0\u00bbfade\u00a0\u00bb animation_duration=\u00a0\u00bb1700ms\u00a0\u00bb global_colors_info=\u00a0\u00bb{}\u00a0\u00bb][et_pb_row _builder_version=\u00a0\u00bb4.21.0&Prime; _module_preset=\u00a0\u00bbdefault\u00a0\u00bb global_colors_info=\u00a0\u00bb{}\u00a0\u00bb][et_pb_column type=\u00a0\u00bb4_4&Prime; _builder_version=\u00a0\u00bb4.21.0&Prime; _module_preset=\u00a0\u00bbdefault\u00a0\u00bb global_colors_info=\u00a0\u00bb{}\u00a0\u00bb][et_pb_testimonial author=\u00a0\u00bbActividad de %22recreaci\u00f3n f\u00edsica%22 dirigida por Thomas Lemerle\u00a0\u00bb _builder_version=\u00a0\u00bb4.21.0&Prime; _module_preset=\u00a0\u00bbdefault\u00a0\u00bb background_color=\u00a0\u00bb#FFFFFF\u00a0\u00bb min_height=\u00a0\u00bb141px\u00a0\u00bb global_colors_info=\u00a0\u00bb{}\u00a0\u00bb]<\/p>\n<p>En esta actividad, la prioridad para m\u00ed es conseguir que los ni\u00f1os gasten su energ\u00eda. A trav\u00e9s de los diferentes ejercicios, los ni\u00f1os descubrir\u00e1n su cuerpo con sus capacidades pero tambi\u00e9n sus l\u00edmites. Estoy convencido de que este tipo de actividad aporta muchos beneficios f\u00edsicos, pero tambi\u00e9n psicol\u00f3gicos y ps\u00edquicos (alivio del estr\u00e9s, aprendizaje de la gesti\u00f3n de nuevas situaciones, respeto de las normas, respeto de los dem\u00e1s y trabajo en equipo&#8230;).<\/p>\n<p>Son actividades muy l\u00fadicas en las que los j\u00f3venes evolucionan cada vez con m\u00e1s placer, \u00a1y el educador tambi\u00e9n!<\/p>\n<p>[\/et_pb_testimonial][\/et_pb_column][\/et_pb_row][\/et_pb_section][et_pb_section fb_built=\u00a0\u00bb1&Prime; _builder_version=\u00a0\u00bb4.21.0&Prime; _module_preset=\u00a0\u00bbdefault\u00a0\u00bb background_color=\u00a0\u00bbrgba(124,218,36,0.38)\u00a0\u00bb custom_padding=\u00a0\u00bb4px||10px|||\u00a0\u00bb animation_style=\u00a0\u00bbfade\u00a0\u00bb animation_duration=\u00a0\u00bb1700ms\u00a0\u00bb global_colors_info=\u00a0\u00bb{}\u00a0\u00bb][et_pb_row _builder_version=\u00a0\u00bb4.21.0&Prime; _module_preset=\u00a0\u00bbdefault\u00a0\u00bb global_colors_info=\u00a0\u00bb{}\u00a0\u00bb][et_pb_column type=\u00a0\u00bb4_4&Prime; _builder_version=\u00a0\u00bb4.21.0&Prime; _module_preset=\u00a0\u00bbdefault\u00a0\u00bb global_colors_info=\u00a0\u00bb{}\u00a0\u00bb][et_pb_testimonial author=\u00a0\u00bbChristian, animador de la actividad Jardine\u00a0\u00bb _builder_version=\u00a0\u00bb4.21.0&Prime; _module_preset=\u00a0\u00bbdefault\u00a0\u00bb background_color=\u00a0\u00bb#FFFFFF\u00a0\u00bb min_height=\u00a0\u00bb141px\u00a0\u00bb global_colors_info=\u00a0\u00bb{}\u00a0\u00bb]<\/p>\n<p>Un jard\u00edn para j\u00f3venes y mayores, para curiosos, para particulares y grupos. Un jard\u00edn para la jardiner\u00eda, por supuesto, pero tambi\u00e9n para la jardiner\u00eda biol\u00f3gica y para aprender a trastear y proteger la naturaleza. Un jard\u00edn tambi\u00e9n para reunirse, divertirse, informarse, relajarse y so\u00f1ar&#8230;<\/p>\n<p>Actividades que se plantean de forma l\u00fadica, sensorial o art\u00edstica. Actividades orientadas esencialmente al contacto directo con el entorno. Actividades que alternan entre apoyo y autonom\u00eda, as\u00ed como entre tiempo colectivo y tiempo individual.<\/p>\n<p>A trav\u00e9s de un enfoque colectivo, el jard\u00edn debe permitir que cada persona encuentre un inter\u00e9s, transmita sus conocimientos y aprenda de los dem\u00e1s. La diversidad que cada uno de nosotros representa ocupa un lugar privilegiado en el jard\u00edn, ya que constituye la semilla que permitir\u00e1 que germinen nuevas ideas en el suelo de la solidaridad.<\/p>\n<p>[\/et_pb_testimonial][\/et_pb_column][\/et_pb_row][\/et_pb_section][et_pb_section fb_built=\u00a0\u00bb1&Prime; _builder_version=\u00a0\u00bb4.21.0&Prime; _module_preset=\u00a0\u00bbdefault\u00a0\u00bb background_color=\u00a0\u00bbrgba(224,153,0,0.45)\u00a0\u00bb custom_padding=\u00a0\u00bb4px||10px|||\u00a0\u00bb animation_style=\u00a0\u00bbfade\u00a0\u00bb animation_duration=\u00a0\u00bb1700ms\u00a0\u00bb global_colors_info=\u00a0\u00bb{}\u00a0\u00bb][et_pb_row _builder_version=\u00a0\u00bb4.21.0&Prime; _module_preset=\u00a0\u00bbdefault\u00a0\u00bb global_colors_info=\u00a0\u00bb{}\u00a0\u00bb][et_pb_column type=\u00a0\u00bb4_4&Prime; _builder_version=\u00a0\u00bb4.21.0&Prime; _module_preset=\u00a0\u00bbdefault\u00a0\u00bb global_colors_info=\u00a0\u00bb{}\u00a0\u00bb][et_pb_testimonial author=\u00a0\u00bbActividad de mosaico dirigida por Muriel Dintheer\u00a0\u00bb _builder_version=\u00a0\u00bb4.21.0&Prime; _module_preset=\u00a0\u00bbdefault\u00a0\u00bb background_color=\u00a0\u00bb#FFFFFF\u00a0\u00bb min_height=\u00a0\u00bb141px\u00a0\u00bb global_colors_info=\u00a0\u00bb{}\u00a0\u00bb]<\/p>\n<p>Nos reunimos los mi\u00e9rcoles para practicar el mosaico y las artes pl\u00e1sticas en general (dibujo, pintura, etc.). Trabajamos en peque\u00f1os grupos en forma de talleres: recortar mosaicos, collage, dibujar el modelo, pintar el soporte, &#8230;.. Pasamos de un taller a otro seg\u00fan nuestras afinidades y deseos. Realizamos proyectos conjuntos: estatuas, frescos, m\u00f3viles, etc. O proyectos individuales: cuadros, bolas, cajas, espejos, &#8230;.<\/p>\n<p>El objetivo es que cada uno pueda divertirse y expresar su creatividad compartiendo su talento con los dem\u00e1s, con total libertad.<\/p>\n<p>[\/et_pb_testimonial][\/et_pb_column][\/et_pb_row][\/et_pb_section]<\/p>\n","protected":false},"excerpt":{"rendered":"<p>OradoresEl objetivo del taller es practicar y descubrir el placer de la danza en un entorno abierto a todos. La danza pretende adquirir las habilidades y los conocimientos necesarios para comprender mejor el propio cuerpo y utilizarlo para expresarse, con el tel\u00f3n de fondo de la b\u00fasqueda del bienestar a trav\u00e9s de la realizaci\u00f3n personal. [&hellip;]<\/p>\n","protected":false},"author":4,"featured_media":0,"parent":0,"menu_order":0,"comment_status":"closed","ping_status":"closed","template":"","meta":{"_et_pb_use_builder":"on","_et_pb_old_content":"","_et_gb_content_width":"","footnotes":""},"class_list":["post-739","page","type-page","status-publish","hentry"],"_links":{"self":[{"href":"https:\/\/uncopaincommelesautres.com\/uccla\/index.php\/wp-json\/wp\/v2\/pages\/739","targetHints":{"allow":["GET"]}}],"collection":[{"href":"https:\/\/uncopaincommelesautres.com\/uccla\/index.php\/wp-json\/wp\/v2\/pages"}],"about":[{"href":"https:\/\/uncopaincommelesautres.com\/uccla\/index.php\/wp-json\/wp\/v2\/types\/page"}],"author":[{"embeddable":true,"href":"https:\/\/uncopaincommelesautres.com\/uccla\/index.php\/wp-json\/wp\/v2\/users\/4"}],"replies":[{"embeddable":true,"href":"https:\/\/uncopaincommelesautres.com\/uccla\/index.php\/wp-json\/wp\/v2\/comments?post=739"}],"version-history":[{"count":7,"href":"https:\/\/uncopaincommelesautres.com\/uccla\/index.php\/wp-json\/wp\/v2\/pages\/739\/revisions"}],"predecessor-version":[{"id":1844,"href":"https:\/\/uncopaincommelesautres.com\/uccla\/index.php\/wp-json\/wp\/v2\/pages\/739\/revisions\/1844"}],"wp:attachment":[{"href":"https:\/\/uncopaincommelesautres.com\/uccla\/index.php\/wp-json\/wp\/v2\/media?parent=739"}],"curies":[{"name":"wp","href":"https:\/\/api.w.org\/{rel}","templated":true}]}}

<p>[et_pb_section fb_built= »1&Prime; _builder_version= »4.20.4&Prime; _module_preset= »default » background_color= »#edb18e » custom_margin= »||||false|false » custom_padding= »27px||0px||false|false » global_colors_info= »{} »][et_pb_row _builder_version= »4.20.4&Prime; _module_preset= »default » global_colors_info= »{} »][et_pb_column type= »4_4&Prime; _builder_version= »4.20.4&Prime; _module_preset= »default » global_colors_info= »{} »][et_pb_text _builder_version= »4.20.4&Prime; _module_preset= »default » text_font= »Englebert|||||||| » text_text_color= »#ed6e00&Prime; text_font_size= »50px » text_orientation= »center » global_colors_info= »{} »]</p>
<p>Oradores</p>
<p>[/et_pb_text][/et_pb_column][/et_pb_row][/et_pb_section][et_pb_section fb_built= »1&Prime; _builder_version= »4.21.0&Prime; _module_preset= »default » background_color= »rgba(237,240,0,0.44) » custom_padding= »4px||10px||| » animation_style= »fade » animation_duration= »1700ms » global_colors_info= »{} »][et_pb_row _builder_version= »4.21.0&Prime; _module_preset= »default » global_colors_info= »{} »][et_pb_column type= »4_4&Prime; _builder_version= »4.21.0&Prime; _module_preset= »default » global_colors_info= »{} »][et_pb_testimonial author= »El taller de danza está dirigido por Muriel Vasse, profesora de danza y coreógrafa de la compañía Hamadryade » _builder_version= »4.21.0&Prime; _module_preset= »default » background_color= »#FFFFFF » min_height= »141px » global_colors_info= »{} »]</p>
<p>El objetivo del taller es practicar y descubrir el placer de la danza en un entorno abierto a todos. La danza pretende adquirir las habilidades y los conocimientos necesarios para comprender mejor el propio cuerpo y utilizarlo para expresarse, con el telón de fondo de la búsqueda del bienestar a través de la realización personal. Se trata de desarrollar la curiosidad hacia la creación artística como actor pero también como espectador.</p>
<p>[/et_pb_testimonial][/et_pb_column][/et_pb_row][/et_pb_section][et_pb_section fb_built= »1&Prime; _builder_version= »4.21.0&Prime; _module_preset= »default » background_color= »rgba(224,153,0,0.34) » custom_padding= »4px||10px||| » animation_style= »fade » animation_duration= »1700ms » global_colors_info= »{} »][et_pb_row _builder_version= »4.21.0&Prime; _module_preset= »default » global_colors_info= »{} »][et_pb_column type= »4_4&Prime; _builder_version= »4.21.0&Prime; _module_preset= »default » global_colors_info= »{} »][et_pb_testimonial author= »Actividad de %22recreación física%22 dirigida por Thomas Lemerle » _builder_version= »4.21.0&Prime; _module_preset= »default » background_color= »#FFFFFF » min_height= »141px » global_colors_info= »{} »]</p>
<p>En esta actividad, la prioridad para mí es conseguir que los niños gasten su energía. A través de los diferentes ejercicios, los niños descubrirán su cuerpo con sus capacidades pero también sus límites. Estoy convencido de que este tipo de actividad aporta muchos beneficios físicos, pero también psicológicos y psíquicos (alivio del estrés, aprendizaje de la gestión de nuevas situaciones, respeto de las normas, respeto de los demás y trabajo en equipo&#8230;).</p>
<p>Son actividades muy lúdicas en las que los jóvenes evolucionan cada vez con más placer, ¡y el educador también!</p>
<p>[/et_pb_testimonial][/et_pb_column][/et_pb_row][/et_pb_section][et_pb_section fb_built= »1&Prime; _builder_version= »4.21.0&Prime; _module_preset= »default » background_color= »rgba(124,218,36,0.38) » custom_padding= »4px||10px||| » animation_style= »fade » animation_duration= »1700ms » global_colors_info= »{} »][et_pb_row _builder_version= »4.21.0&Prime; _module_preset= »default » global_colors_info= »{} »][et_pb_column type= »4_4&Prime; _builder_version= »4.21.0&Prime; _module_preset= »default » global_colors_info= »{} »][et_pb_testimonial author= »Christian, animador de la actividad Jardine » _builder_version= »4.21.0&Prime; _module_preset= »default » background_color= »#FFFFFF » min_height= »141px » global_colors_info= »{} »]</p>
<p>Un jardín para jóvenes y mayores, para curiosos, para particulares y grupos. Un jardín para la jardinería, por supuesto, pero también para la jardinería biológica y para aprender a trastear y proteger la naturaleza. Un jardín también para reunirse, divertirse, informarse, relajarse y soñar&#8230;</p>
<p>Actividades que se plantean de forma lúdica, sensorial o artística. Actividades orientadas esencialmente al contacto directo con el entorno. Actividades que alternan entre apoyo y autonomía, así como entre tiempo colectivo y tiempo individual.</p>
<p>A través de un enfoque colectivo, el jardín debe permitir que cada persona encuentre un interés, transmita sus conocimientos y aprenda de los demás. La diversidad que cada uno de nosotros representa ocupa un lugar privilegiado en el jardín, ya que constituye la semilla que permitirá que germinen nuevas ideas en el suelo de la solidaridad.</p>
<p>[/et_pb_testimonial][/et_pb_column][/et_pb_row][/et_pb_section][et_pb_section fb_built= »1&Prime; _builder_version= »4.21.0&Prime; _module_preset= »default » background_color= »rgba(224,153,0,0.45) » custom_padding= »4px||10px||| » animation_style= »fade » animation_duration= »1700ms » global_colors_info= »{} »][et_pb_row _builder_version= »4.21.0&Prime; _module_preset= »default » global_colors_info= »{} »][et_pb_column type= »4_4&Prime; _builder_version= »4.21.0&Prime; _module_preset= »default » global_colors_info= »{} »][et_pb_testimonial author= »Actividad de mosaico dirigida por Muriel Dintheer » _builder_version= »4.21.0&Prime; _module_preset= »default » background_color= »#FFFFFF » min_height= »141px » global_colors_info= »{} »]</p>
<p>Nos reunimos los miércoles para practicar el mosaico y las artes plásticas en general (dibujo, pintura, etc.). Trabajamos en pequeños grupos en forma de talleres: recortar mosaicos, collage, dibujar el modelo, pintar el soporte, &#8230;.. Pasamos de un taller a otro según nuestras afinidades y deseos. Realizamos proyectos conjuntos: estatuas, frescos, móviles, etc. O proyectos individuales: cuadros, bolas, cajas, espejos, &#8230;.</p>
<p>El objetivo es que cada uno pueda divertirse y expresar su creatividad compartiendo su talento con los demás, con total libertad.</p>
<p>[/et_pb_testimonial][/et_pb_column][/et_pb_row][/et_pb_section]</p>

<p>OradoresEl objetivo del taller es practicar y descubrir el placer de la danza en un entorno abierto a todos. La danza pretende adquirir las habilidades y los conocimientos necesarios para comprender mejor el propio cuerpo y utilizarlo para expresarse, con el telón de fondo de la búsqueda del bienestar a través de la realización personal. [&hellip;]</p>
